9?
8
What is the thousands digit of 136523067?
3
What is the hundreds digit of 5960269?
2
What is the tens digit of 557046092?
9
What is the units digit of 2771415445?
5
What is the tens digit of 617923484?
8
What is the millions digit of 1224794450?
4
What is the thousands digit of 128507946?
7
What is the hundreds digit of 1691751411?
4
What is the hundreds digit of 193079186?
1
What is the ten millions digit of 2094234101?
9
What is the hundred millions digit of 180211921?
1
What is the thousands digit of 1197446952?
6
What is the hundred thousands digit of 76084882?
0
What is the hundred thousands digit of 415618952?
6
What is the hundred thousands digit of 35316622?
3
What is the ten thousands digit of 4123790026?
9
What is the billions digit of 1442698622?
1
What is the hundreds digit of 359179266?
2
What is the units digit of 324376805?
5
What is the hundred thousands digit of 2855402?
8
What is the billions digit of 1150014166?
1
What is the hundred thousands digit of 2022252340?
2
What is the millions digit of 10778445?
0
What is the hundred thousands digit of 24593592?
5
What is the units digit of 23649490?
0
What is the hundred thousands digit of 555415176?
4
What is the units digit of 52701505?
5
What is the millions digit of 58635441?
8
What is the units digit of 78510470?
0
What is the hundreds digit of 339849206?
2
What is the millions digit of 38617650?
8
What is the hundred thousands digit of 147352455?
3
What is the ten thousands digit of 555745780?
4
What is the ten millions digit of 1035014826?
3
What is the thousands digit of 435243743?
3
What is the hundred millions digit of 663267960?
6
What is the ten thousands digit of 2811648689?
4
What is the ten millions digit of 142873308?
4
What is the hundred thousands digit of 110236209?
2
What is the hundreds digit of 89983370?
3
What is the ten thousands digit of 32857531?
5
What is the hundred thousands digit of 80605662?
6
What is the thousands digit of 274096309?
6
What is the tens digit of 2616509646?
4
What is the hundred thousands digit of 1636196298?
1
What is the tens digit of 264733166?
6
What is the thousands digit of 131608673?
8
What is the ten thousands digit of 113897057?
9
What is the units digit of 1548241357?
7
What is the hundreds digit of 1524740705?
7
What is the billions digit of 2456525315?
2
What is the thousands digit of 1992937626?
7
What is the millions digit of 185762162?
5
What is the millions digit of 148316910?
8
What is the hundred millions digit of 639395491?
6
What is the thousands digit of 503704909?
4
What is the thousands digit of 11029747?
9
What is the hundred millions digit of 169010521?
1
What is the hundreds digit of 17621013?
0
What is the hundred thousands digit of 607493002?
4
What is the ten thousands digit of 20574548?
7
What is the ten millions digit of 53913568?
5
What is the units digit of 425522166?
6
What is the hundred millions digit of 120237839?
1
What is the hundreds digit of 140638725?
7
What is the billions digit of 1723924669?
1
What is the ten thousands digit of 3073370839?
7
What is the units digit of 5995962208?
8
What is the hundreds digit of 40972436?
4
What is the hundred thousands digit of 958465474?
4
What is the tens digit of 112887346?
4
What is the millions digit of 3332101?
3
What is the tens digit of 255614143?
4
What is the ten millions digit of 410819380?
1
What is the hundred thousands digit of 1018589737?
5
What is the hundred millions digit of 828159894?
8
What is the units digit of 1121547325?
5
What is the ten thousands digit of 77923638?
2
What is the millions digit of 3799373746?
9
What is the ten millions digit of 64126903?
6
What is the thousands digit of 117944265?
4
What is the hundreds digit of 274456952?
9
What is the ten thousands digit of 413609948?
0
What is the thousands digit of 656827484?
7
What is the thousands digit of 1960254630?
4
What is the hundred thousands digit of 206336275?
3
What is the hundreds digit of 6126001664?
6
What is the hundred thousands digit of 356286222?
2
What is the hundred thousands digit of 3059841026?
8
What is the hundred millions digit of 208234651?
2
What is the ten millions digit of 477512004?
7
What is the hundred thousands digit of 12152872?
1
What is the hundred thousands digit of 11155602?
1
What is the ten thousands digit of 778880880?
8
What is the hundred thousands digit of 70887395?
8
What is the hundred millions digit of 2979489893?
9
What is the thousands digit of 926789237?
9
What is the billions digit of 2323056630?
2
What is the thousands digit of 208636485?
6
What is the units digit of 304688201?
1
What is the thousands digit of 8697213?
7
What is the hundreds digit of 16091210?
2
What is the hundred millions digit of 3703827088?
7
What is the hundred thousands digit of 1269460101?
4
What is the hundred thousands digit of 73950293?
9
What is the ten thousands digit of 260396023?
9
What is the hundred millions digit of 275994678?
2
What is the ten thousands digit of 809578122?
7
What is the units digit of 69547399?
9
What is the hundreds digit of 1249773028?
0
What is the ten millions digit of 388689061?
8
What is the tens digit of 1782058150?
5
What is the units digit of 102065108?
8
What is the hundreds digit of 211885439?
4
What is the hundreds digit of 4195594682?
6
What is the thousands digit of 65584961?
4
What is the hundred thousands digit of 71316026?
3
What is the hundred millions digit of 452704560?
4
What is the units digit of 171511564?
4
What is the hundred thousands digit of 696826795?
8
What is the units digit of 139699070?
0
What is the hundred thousands digit of 621862128?
8
What is the hundred thousands digit of 244413935?
4
What is the hundred millions digit of 184891430?
1
What is the hundred millions digit of 546247051?
5
What is the thousands digit of 25229976?
9
What is the millions digit of 1404882017?
4
What is the millions digit of 268392373?
8
What is the units digit of 39382016?
6
What is the billions digit of 5258735446?
5
What is the units digit of 22587313?
3
What is the ten millions digit of 44126808?
4
What is the hundred millions digit of 223007575?
2
What is the ten millions digit of 1441261434?
4
What is the millions digit of 11501842?
1
What is the thousands digit of 5882079620?
9
What is the thousands digit of 84560420?
0
What is the hundred thousands digit of 1585548347?
5
What is the ten millions digit of 324037849?
2
What is the ten millions digit of 1445658263?
4
What is the millions digit of 25867803?
5
What is the ten millions digit of 126708622?
2
What is the units digit of 30338767?
7
What is the hundred millions digit of 158173746?
1
What is the tens digit of 982818863?
6
What is the ten millions digit of 204160377?
0
What is the hundred millions digit of 142274533?
1
What is the hundreds digit of 411401421?
4
What is the hundred thousands digit of 80081032?
0
What is the tens digit of 42736409?
0
What is the ten thousands digit of 17781940?
8
What is the hundreds digit of 539538845?
8
What is the thousands digit of 217982640?
2
What is the ten thousands digit of 60214681?
1
What is the ten thousands digit of 97369196?
6
What is the ten millions digit of 71184552?
7
What is the ten thousands digit of 38798581?
9
What is the tens digit of 35384573?
7
What is the hundred millions digit of 778617464?
7
What is the ten millions digit of 827142983?
2
What is the hundred millions digit of 3351738202?
3
What is the ten thousands digit of 41814539?
1
What is the hundreds digit of 5416966?
9
What is the units digit of 40626180?
0
What is the hundreds digit of 22576894?
8
What is the millions digit of 49478378?
9
What is the ten millions digit of 377346670?
7
What is the ten thousands digit of 236686576?
8
What is the hundred thousands digit of 515324992?
3
What is the thousands digit of 1115251?
5
What is the ten millions digit of 89982728?
8
What is the units digit of 1351235850?
0
What is the ten millions digit of 51267781?
5
What is the units digit of 1027076751?
1
What is the hundred millions digit of 5822847020?
8
What is the hundred thousands digit of 5450442114?
4
What is the ten millions digit of 110282042?
1
What is the hundred thousands digit of 26163387?
1
What is the thousands digit of 